prime?
False
Is 223335271 prime?
False
Is 37037574997 composite?
True
Is 2385207073 prime?
False
Is 4174806137 prime?
True
Is 8245722223 composite?
False
Is 2847758339 prime?
False
Is 4153226699 composite?
False
Is 137092136417 prime?
False
Is 6515863807 a prime number?
True
Is 13089166037 prime?
False
Is 503532779 a composite number?
True
Is 1177540654 a composite number?
True
Is 28331694901 prime?
True
Is 43514990123 a prime number?
False
Is 859033499 a prime number?
True
Is 343337723 prime?
False
Is 17922240863 a composite number?
False
Is 2504866201 prime?
True
Is 419750481 a composite number?
True
Is 34529540153 composite?
False
Is 728884439 composite?
True
Is 10291916779 prime?
False
Is 18182201 prime?
True
Is 1089882643 a prime number?
True
Is 158851481 prime?
True
Is 69760019 a prime number?
False
Is 310919649 composite?
True
Is 7410710189 a composite number?
True
Is 129003411349 a composite number?
False
Is 2196770689 composite?
True
Is 13601888987 a prime number?
False
Is 16582359883 a prime number?
True
Is 14921764357 composite?
False
Is 4701155539 a composite number?
False
Is 10595216129 a prime number?
True
Is 11851750357 a composite number?
False
Is 8966524481 a composite number?
True
Is 194107813 composite?
True
Is 101599249 prime?
True
Is 107473333117 a composite number?
True
Is 1768388759 a composite number?
False
Is 26939723957 a prime number?
True
Is 133360678046 composite?
True
Is 33317580697 a prime number?
False
Is 52611651977 a composite number?
False
Is 24793640149 a composite number?
False
Is 3716596187 a composite number?
False
Is 487013573 composite?
True
Is 133526167457 prime?
False
Is 23305925859 composite?
True
Is 112961939677 a composite number?
True
Is 101538431 prime?
False
Is 4267791997 prime?
False
Is 9732760039 a prime number?
False
Is 120233879 a composite number?
True
Is 927424753 a prime number?
True
Is 2142714257 a composite number?
True
Is 14589664477 a prime number?
True
Is 111803777 composite?
True
Is 397357049 a composite number?
False
Is 874505579 prime?
True
Is 271218023 a composite number?
False
Is 85934857135 composite?
True
Is 218068010393 prime?
True
Is 6482434097 prime?
True
Is 598981499 a composite number?
True
Is 28495042001 prime?
True
Is 6642100061 a composite number?
True
Is 6367604749 composite?
True
Is 232426264469 composite?
True
Is 619975729 prime?
False
Is 849647069 a composite number?
True
Is 4151791837 composite?
False
Is 55859522879 prime?
False
Is 6406177339 prime?
False
Is 111973033318 a composite number?
True
Is 82652887 prime?
False
Is 830221729 composite?
True
Is 480296517 composite?
True
Is 310468201 a composite number?
True
Is 9824316653 prime?
False
Is 45071034511 composite?
False
Is 62602363 a composite number?
True
Is 54785944429 prime?
True
Is 4351550993 composite?
False
Is 460943983 composite?
True
Is 617512853 a prime number?
True
Is 5077268927 prime?
False
Is 77644874899 composite?
True
Is 1039861687 prime?
False
Is 482856791 a prime number?
True
Is 942403153 composite?
True
Is 1518563591 a prime number?
True
Is 178608347 prime?
True
Is 31730205691 a composite number?
False
Is 52980242779 a composite number?
False
Is 41883032773 a composite number?
False
Is 381904711 a prime number?
False
Is 10614177479 a composite number?
False
Is 6978436081 a composite number?
False
Is 5640938263 a composite number?
False
Is 1505433539 prime?
True
Is 2829127979 a composite number?
False
Is 398821055 a composite number?
True
Is 2098034591 prime?
True
Is 141734357305 a composite number?
True
Is 1741018379 prime?
False
Is 599403443 composite?
True
Is 383751871 a prime number?
False
Is 31610033135 a prime number?
False
Is 1313953591 prime?
False
Is 1729697441 a prime number?
False
Is 527120981 composite?
True
Is 342211811 composite?
False
Is 26113534379 prime?
False
Is 1325935151 composite?
False
Is 594648079 a prime number?
False
Is 13497745889 prime?
False
Is 33717935341 composite?
False
Is 2926416497 a composite number?
True
Is 9649912537 a composite number?
False
Is 69519809713 prime?
True
Is 5181983187 prime?
False
Is 186886031 a composite number?
True
Is 13598934383 prime?
True
Is 1196551757 composite?
True
Is 1946766727 prime?
True
Is 103547373 a composite number?
True
Is 8506512745 composite?
True
Is 37489712521 a composite number?
False
Is 4911502099 a composite number?
True
Is 45686800633 prime?
False
Is 5608892363 a composite number?
True
Is 4636026943 a prime number?
True
Is 8878211983 composite?
False
Is 27560900651 prime?
True
Is 11286511499 a prime number?
False
Is 2379864881 composite?
True
Is 7350606467 prime?
False
Is 22007363921 a composite number?
True
Is 3632590961 a prime number?
True
Is 1646596823 prime?
False
Is 110811121907 a composite number?
True
Is 212175044787 a composite number?
True
Is 6203701123 composite?
True
Is 68939665657 prime?
True
Is 4583099 a prime number?
True
Is 13307381609 a composite number?
True
Is 6569559589 a prime number?
True
Is 571641361 composite?
True
Is 2747633201 composite?
False
Is 39954014447 a prime number?
True
Is 22841712667 a composite number?
True
Is 3047411599 a prime number?
False
Is 73385639 a prime number?
True
Is 196810277 a prime number?
False
Is 73988854351 a prime number?
False
Is 2446118471 a prime number?
False
Is 416834111 prime?
True
Is 2167367529 prime?
False
Is 150101509799 a composite number?
True
Is 169818443 composite?
False
Is 7189039981 a composite number?
True
Is 105453143 a composite number?
True
Is 131988253 composite?
False
Is 1609562921 prime?
False
Is 7815798481 a composite number?
False
Is 230485341005 a prime number?
False
Is 41049984749 prime?
True
Is 918072821 composite?
True
Is 28689914893 a prime number?
True
Is 5950034543 a prime number?
False
Is 4077339811 composite?
False
Is 579651447 composite?
True
Is 1454762779 prime?
False
Is 5538960881 composite?
False
Is 4412936657 composite?
False
Is 3909523759 a composite number?
False
Is 10511241281 composite?
False
Is 13914054479 prime?
False
Is 39080889451 a composite number?
True
Is 32956988789 composite?
False
Is 51459575009 composite?
False
Is 463246934 a prime number?
False
Is 92271281 prime?
False
Is 9268654207 composite?
False
Is 69581527399 composite?
False
Is 68750100901 composite?
True
Is 4974613159 prime?
False
Is 1343682691 a composite number?
True
Is 3032784701 prime?
False
Is 2419696243 a prime number?
True
Is 68345862239 prime?
True
Is 81988509149 prime?
False
Is 764014771 a composite number?
True
Is 4173313249 a prime number?
False
Is 622339513 prime?
True
Is 573274151 a composite number?
True
Is 1467571541 composite?
False
Is 28135241333 composite?
True
Is 6392655361 a prime number?
True
Is 604579201 prime?
True
Is 5066428229 a composite number?
True
Is 1482319931 prime?
True
Is 30337627153 prime?
False
Is 341153279 composite?
False
Is 13281193931 a composite number?
False
Is 5105306387 a prime number?
False
Is 678014257 composite?
True
Is 692491181 composite?
True
Is 28884829 a composite number?
True
Is 2201764351 prime?
False
Is 4239916189 composite?
False
Is 2226351129 a composite number?
True
Is 129284809 a prime number?
True
Is 323308639 prime?
False
Is 8719748801 a prime number?
True
Is 10288658753 prime?
True
Is 160524569 prime?
True
Is 8454726355 a composite number?
True
Is 1435110773 a composite number?
True
Is 31738153 a prime number?
True
Is 4296829261 prime?
True
Is 47729317 a prime number?
True
Is 81621955799 a composite number?
True
Is 1405980941 prime?
True
Is 732326381 a composite number?
True
Is 5752739 a prime number?
True
Is 650991529 composite?
False
Is 344798687 composite?
True
Is 21357926461 composite?
False
Is 14723801623 prime?
True
Is 1312430389 a prime number?
True
Is 49432678663 prime?
True
Is 272588655797 composite?
False
Is 36777420479 a prime number?
True
Is 59777978699 a prime number?
True
Is 2320095131 composite?
False
Is 42418087223 a composite number?
False
Is 324801917 prime?
False
Is 12762222283 a prime number?
False
Is 229295347 composite?
False
Is 66006057857 prime?
False
Is 64630243 a composite number?
True
Is 179137823261 prime?
True
Is 1449693001 a composite number?
True
Is 5179219247 prime?
False
Is 147893519473 a composite number?
True
Is 4292253479 prime?
True
Is 1607015093 composite?